{"id":1670,"date":"2025-03-25T11:14:48","date_gmt":"2025-03-25T08:14:48","guid":{"rendered":"https:\/\/modebau.com.tr\/?post_type=product&#038;p=1670"},"modified":"2025-04-25T14:37:20","modified_gmt":"2025-04-25T11:37:20","slug":"daikin-mc55w-hava-temizleyici","status":"publish","type":"product","link":"https:\/\/modebau.com.tr\/?product=daikin-mc55w-hava-temizleyici","title":{"rendered":"DAIKIN MC55W Hava Temizleyici"},"content":{"rendered":"<p>DAIKIN MC55W Hava Temizleme Cihaz\u0131<\/p>\n<p>\u2022 Y\u00fcksek performansl\u0131 elektrostatik HEPA filtre sayesinde bak\u0131mlar\u0131 yap\u0131ld\u0131\u011f\u0131nda 10 y\u0131l boyunca filtre de\u011fi\u015fimi gerektirmez.*<br \/>\n\u2022 Aktif plazma iyon de\u015farj\u0131 ve Flash Streamer teknolojisi sayesinde temiz hava<br \/>\n\u2022 \u0130nce toz partik\u00fcllerinin yakalanmas\u0131 i\u00e7in y\u00fcksek performansl\u0131 HEPA filtresi<br \/>\n\u2022 G\u00fc\u00e7l\u00fc emi\u015f ve f\u0131s\u0131lt\u0131 kadar sessiz \u00e7al\u0131\u015fma<br \/>\n\u2022 Yeni, \u015f\u0131k ve kompakt tasar\u0131m<br \/>\n\u2022 Uygulama Alan\u0131 : 82 (m2)<br \/>\n\u2022 Nemlendirme \u00d6zelli\u011fi : Yok<br \/>\n\u2022 Koku Giderme Y\u00f6ntemi : Flash streamer + Koku giderme kataliz\u00f6r\u00fc<br \/>\n\u2022 Toz Toplama Y\u00f6ntemi : Elektrostatik HEPA filtre<br \/>\n\u2022 Hava Filtresi : Polietilen Tereftalat A\u011f<br \/>\n\u2022 Filtre De\u011fi\u015fim S\u00fcresi : 10 Y\u0131l<br \/>\n\u2022 Hava Temizleme Cihaz\u0131 | MC55W Teknik Bilgileri<br \/>\n\u2022 Uygulama: Yer Tipi\/Ta\u015f\u0131nabilir<br \/>\n\u2022 Uygulama Alan\u0131: 82 (m2)<br \/>\n\u2022 A\u011f\u0131rl\u0131k:6,8 (kg)<br \/>\n\u2022 Boyutlar: 598 x 330 x 330 (mm)<br \/>\n\u2022 Kasa: Beyaz<br \/>\n\u2022 Fan Tipi: \u00c7ok B\u0131\u00e7akl\u0131 Fan (Sirocco fan)<br \/>\n\u2022 Hava Debisi (Sessiz \/ D\u00fc\u015f\u00fck \/ Orta \/ Turbo): 66 \/ 120 \/ 192 \/ 330 (m3\/h)<br \/>\n\u2022 Ses Bs\u0131nc\u0131 Seviyesi (Sessiz \/ D\u00fc\u015f\u00fck \/ Orta \/ Turbo): 19 \/ 29 \/ 39 \/ 53 (dBA)<br \/>\n\u2022 Hava Temizleme \u0130\u015flemi (Sessiz \/ D\u00fc\u015f\u00fck \/ Orta \/ Turbo): 0,008 \/ 0,010 \/ 0,015 \/ 0,037 (kW)<br \/>\n\u2022 Koku Giderme Y\u00f6ntemi: Flash streamer + Koku giderme kataliz\u00f6ru\u00a8<br \/>\n\u2022 Toz Toplama Y\u00f6ntemi: Elektrostatik HEPA filtre<br \/>\n\u2022 Hava Filtresi: Polietilen tereftalat a\u011f<br \/>\n\u2022 \u0130\u015faret: Toz \u0130\u015fareti: 3 a\u015famal\u0131 \/ Koku: 3 a\u015famal\u0131 \/ Antipolen modu \/ \u00c7ocuk kilidi lambas\u0131 \/ PM2.5 sens\u00f6ru\u00a8 lambas\u0131: 6 a\u015famal\u0131 \/ Hava debisi: Sessiz\/Du\u00a8\u015fu\u00a8k\/Standart\/Turbo \/ OTOMAT\u0130K FAN modu \/ Eko modu \/ A\u00c7IK\/KAPALI lambas\u0131 \/ Streamer lambas\u0131<br \/>\n\u2022 G\u00fc\u00e7 Beslemesi (Faz &#8211; Frekans &#8211; Gerilim)<\/p>\n","protected":false},"excerpt":{"rendered":"<p>DAIKIN MC55W Hava Temizleme Cihaz\u0131<\/p>\n","protected":false},"featured_media":1693,"comment_status":"open","ping_status":"closed","template":"","meta":[],"product_cat":[151,150],"product_tag":[],"class_list":{"0":"post-1670","1":"product","2":"type-product","3":"status-publish","4":"has-post-thumbnail","6":"product_cat-daikin","7":"product_cat-hava-temizleyici","9":"first","10":"instock","11":"shipping-taxable","12":"purchasable","13":"product-type-simple"},"_links":{"self":[{"href":"https:\/\/modebau.com.tr\/index.php?rest_route=\/wp\/v2\/product\/1670","targetHints":{"allow":["GET"]}}],"collection":[{"href":"https:\/\/modebau.com.tr\/index.php?rest_route=\/wp\/v2\/product"}],"about":[{"href":"https:\/\/modebau.com.tr\/index.php?rest_route=\/wp\/v2\/types\/product"}],"replies":[{"embeddable":true,"href":"https:\/\/modebau.com.tr\/index.php?rest_route=%2Fwp%2Fv2%2Fcomments&post=1670"}],"wp:featuredmedia":[{"embeddable":true,"href":"https:\/\/modebau.com.tr\/index.php?rest_route=\/wp\/v2\/media\/1693"}],"wp:attachment":[{"href":"https:\/\/modebau.com.tr\/index.php?rest_route=%2Fwp%2Fv2%2Fmedia&parent=1670"}],"wp:term":[{"taxonomy":"product_cat","embeddable":true,"href":"https:\/\/modebau.com.tr\/index.php?rest_route=%2Fwp%2Fv2%2Fproduct_cat&post=1670"},{"taxonomy":"product_tag","embeddable":true,"href":"https:\/\/modebau.com.tr\/index.php?rest_route=%2Fwp%2Fv2%2Fproduct_tag&post=1670"}],"curies":[{"name":"wp","href":"https:\/\/api.w.org\/{rel}","templated":true}]}}