{"id":1718,"date":"2025-03-25T17:49:02","date_gmt":"2025-03-25T14:49:02","guid":{"rendered":"https:\/\/modebau.com.tr\/?post_type=product&#038;p=1718"},"modified":"2025-04-25T14:32:11","modified_gmt":"2025-04-25T11:32:11","slug":"daikin-icon-premix-d2cbp020","status":"publish","type":"product","link":"https:\/\/modebau.com.tr\/?product=daikin-icon-premix-d2cbp020","title":{"rendered":"DAIKIN Icon Premix Kombi"},"content":{"rendered":"<p>Icon Premix<br \/>\nTam Yo\u011fu\u015fmal\u0131 Kombi<\/p>\n<p>20 kW \u0131s\u0131tma, 24 kW s\u0131cak su kapasiteli Daikin Icon Premix, yo\u011fu\u015fma teknolojisi ile y\u00fcksek oranda yak\u0131t tasarrufu sa\u011flamaktad\u0131r. NOx s\u0131n\u0131f\u0131 6-D\u00fc\u015f\u00fck Emisyon de\u011ferleri ile \u00e7evre dostudur. 1:4 optimum mod\u00fclasyon oran\u0131 ile \u00f6ne \u00e7\u0131kmakta olup, ihtiyaca g\u00f6re br\u00fcl\u00f6r g\u00fcc\u00fcn\u00fcn ayarlanmas\u0131 sayesinde, cihaz\u0131n DUR\/KALK \u00e7al\u0131\u015fmas\u0131 engellenmektedir. B\u00f6ylelikle \u0131s\u0131tma konforu art\u0131r\u0131lm\u0131\u015f, sistem kay\u0131plar\u0131 minimize edilmi\u015f ve ayn\u0131 zamanda, ate\u015fleme esnas\u0131nda ilaveten olu\u015fan zararl\u0131 madde emisyonlar\u0131 etkisizle\u015ftirilmi\u015f olmaktad\u0131r. Mod\u00fclasyon, elektronik kumanda taraf\u0131ndan otomatik olarak sa\u011flanmaktad\u0131r.<\/p>\n<ul>\n<li>20 kW \u0131s\u0131tma 24 kW s\u0131cak su \u0131s\u0131l kapasitesi<\/li>\n<li>ErP y\u00f6netmeliklerine uygun.<\/li>\n<li>Optimum mod\u00fclasyon aral\u0131\u011f\u0131 Is\u0131tmada 1:4, s\u0131cak suda 1:5 Premix (\u00f6n kar\u0131\u015f\u0131m) br\u00fcl\u00f6r ile tam yanma teknolojisi<\/li>\n<li>A Enerji S\u0131n\u0131f\u0131<\/li>\n<li>Yo\u011fu\u015fma teknolojisi ile y\u00fcksek oranda yak\u0131t tasarrufu<\/li>\n<li>Yeni nesil paslanmaz \u00e7elik \u0131s\u0131 e\u015fanj\u00f6r\u00fc<\/li>\n<li>Frekans kontroll\u00fc fan Frekans kontroll\u00fc PWM pompa<\/li>\n<li>Kompakt boyutlar\u0131 ile her alana s\u0131\u011far<\/li>\n<li>NOx s\u0131n\u0131f\u0131 6-D\u00fc\u015f\u00fck Emisyon de\u011ferleri ile \u00e7evre dostu.<\/li>\n<li>Do\u011fal gaz ve LPG (Propan) ile kullan\u0131ma uygundur.<\/li>\n<li>Ar\u0131za te\u015fhis ve emniyet sistemleri<\/li>\n<li>Mod\u00fclasyonlu ve On-Off termostat\u0131 ile entegre \u00e7al\u0131\u015fabilme (opsiyonel)<\/li>\n<li>Daikin fabrikalar\u0131nda \u00fcretilmektedir.<\/li>\n<\/ul>\n","protected":false},"excerpt":{"rendered":"<p>20 KW \u0131s\u0131tma 24 KW s\u0131cak su \u0131s\u0131l kapasitesi<br \/>\nErp y\u00f6netmeliklerine uygun.<br \/>\nOptimum mod\u00fclasyon aral\u0131\u011f\u0131 Is\u0131tmada 1:4, s\u0131cak suda 1:5 Premix (\u00f6n kar\u0131\u015f\u0131m) br\u00fcl\u00f6r ile tam yanma teknolojisi<br \/>\nA Enerji S\u0131n\u0131f\u0131<br \/>\nYo\u011fu\u015fma teknolojisi ile y\u00fcksek oranda yak\u0131t tasarrufu<br \/>\nYeni nesil paslanmaz \u00e7elik \u0131s\u0131 e\u015fanj\u00f6r\u00fc<br \/>\nFrekans kontroll\u00fc fan Frekans kontroll\u00fc PWM pompa<br \/>\nKompakt boyutlar\u0131 ile her alana s\u0131\u011far<br \/>\nNOx s\u0131n\u0131f\u0131 6-D\u00fc\u015f\u00fck Emisyon de\u011ferleri ile \u00e7evre dostu.<br \/>\nDo\u011fal gaz ve LPG (Propan) ile kullan\u0131ma uygundur.<br \/>\nAr\u0131za te\u015fhis ve emniyet sistemleri<br \/>\nMod\u00fclasyonlu ve On-Off termostat\u0131 ile entegre \u00e7al\u0131\u015fabilme (opsiyonel)<br \/>\nDaikin fabrikalar\u0131nda \u00fcretilmektedir.<\/p>\n","protected":false},"featured_media":1719,"comment_status":"open","ping_status":"closed","template":"","meta":[],"product_cat":[151,149],"product_tag":[],"class_list":{"0":"post-1718","1":"product","2":"type-product","3":"status-publish","4":"has-post-thumbnail","6":"product_cat-daikin","7":"product_cat-kombiler","9":"first","10":"instock","11":"shipping-taxable","12":"purchasable","13":"product-type-simple"},"_links":{"self":[{"href":"https:\/\/modebau.com.tr\/index.php?rest_route=\/wp\/v2\/product\/1718","targetHints":{"allow":["GET"]}}],"collection":[{"href":"https:\/\/modebau.com.tr\/index.php?rest_route=\/wp\/v2\/product"}],"about":[{"href":"https:\/\/modebau.com.tr\/index.php?rest_route=\/wp\/v2\/types\/product"}],"replies":[{"embeddable":true,"href":"https:\/\/modebau.com.tr\/index.php?rest_route=%2Fwp%2Fv2%2Fcomments&post=1718"}],"wp:featuredmedia":[{"embeddable":true,"href":"https:\/\/modebau.com.tr\/index.php?rest_route=\/wp\/v2\/media\/1719"}],"wp:attachment":[{"href":"https:\/\/modebau.com.tr\/index.php?rest_route=%2Fwp%2Fv2%2Fmedia&parent=1718"}],"wp:term":[{"taxonomy":"product_cat","embeddable":true,"href":"https:\/\/modebau.com.tr\/index.php?rest_route=%2Fwp%2Fv2%2Fproduct_cat&post=1718"},{"taxonomy":"product_tag","embeddable":true,"href":"https:\/\/modebau.com.tr\/index.php?rest_route=%2Fwp%2Fv2%2Fproduct_tag&post=1718"}],"curies":[{"name":"wp","href":"https:\/\/api.w.org\/{rel}","templated":true}]}}