{"id":787,"date":"2024-11-22T16:02:52","date_gmt":"2024-11-22T13:02:52","guid":{"rendered":"https:\/\/modebau.com.tr\/?post_type=product&#038;p=787"},"modified":"2025-04-18T13:42:42","modified_gmt":"2025-04-18T10:42:42","slug":"nippon-paint-bahce-mobilyasi-bakim-yagio","status":"publish","type":"product","link":"https:\/\/modebau.com.tr\/?product=nippon-paint-bahce-mobilyasi-bakim-yagio","title":{"rendered":"Nippon Paint Bah\u00e7e Mobilyas\u0131 Bak\u0131m Ya\u011f\u0131"},"content":{"rendered":"<p><strong>\u00d6ZELL\u0130KLER\u0130<\/strong><br \/>\n\u2022 Nippon Paint Bah\u00e7e Mobilyas\u0131 Bak\u0131m Ya\u011f\u0131, wax\u2019l\u0131 yap\u0131s\u0131 sayesinde ah\u015fab\u0131n suya kar\u015f\u0131 dayan\u0131kl\u0131 olmas\u0131n\u0131 sa\u011flayarak, \u00f6mr\u00fcn\u00fc uzat\u0131r.<br \/>\n\u2022 D\u0131\u015f hava ko\u015fullar\u0131 sonucu zamanla eksilen y\u00fczeysel do\u011fal ya\u011flar\u0131n yerine ge\u00e7erek ah\u015fab\u0131 canland\u0131r\u0131r. \u2022 Kolay uygulanabilme \u00f6zelli\u011fine sahip olup ah\u015faba penetrasyonu kolayd\u0131r.<br \/>\n\u2022 Y\u00fczey \u00fczerinde film tabakas\u0131 olu\u015fturmaz.<br \/>\n\u2022 Ah\u015fab\u0131n do\u011fal g\u00f6r\u00fcn\u00fcm\u00fcn\u00fc bozmadan bak\u0131m sa\u011flar.<br \/>\n<strong>UYGULAMA<\/strong><br \/>\nMimarl\u0131k M\u00fchendislik Hizmeti veren AKER GROUP LTD. \u015eT\u0130. firmam\u0131z b\u00fcnyesinde bulunan Uzman Ekibimizden hizmet alabilirsiniz. Talep etmeniz durumunda uygulama e\u011fitim deste\u011fi ve \u00fcr\u00fcn uygulama detay bilgilendirmesi firmam\u0131z taraf\u0131ndan verilmektedir.<br \/>\n<strong>\u0130NCELTME:<\/strong><br \/>\nKullan\u0131ma haz\u0131rd\u0131r. \u0130nceltmeyiniz.<br \/>\nKURUMA S\u00dcRES\u0130 (20\u00b0C, %65 HR\u2019de):<br \/>\nSert Kurumas\u0131: Maksimum 24 saat (daha y\u00fcksek ba\u011f\u0131l nem ve d\u00fc\u015f\u00fck s\u0131cakl\u0131kta kuruma s\u00fcresi uzayabilir). Katlar aras\u0131nda minimum 8 saat beklenmelidir.<br \/>\n<strong>SARF\u0130YAT:<\/strong><br \/>\nAh\u015fap cinsine ve emicili\u011fine ba\u011fl\u0131 olarak tek katta 1 Litre ile 18-22 m\u00b2 alana uygulama yap\u0131labilir. Kullan\u0131lan ah\u015fab\u0131n cinsine, y\u00fczeyin durumuna, uygulanacak kat say\u0131s\u0131na ve uygulama \u015fekline ba\u011fl\u0131 olarak renk ve sarfiyat de\u011fi\u015fikli\u011fi olabilir. Kesin sarfiyat i\u00e7in kontroll\u00fc numune \u00e7al\u0131\u015fmas\u0131 yap\u0131lmal\u0131d\u0131r.<br \/>\n<strong>AMBALAJ:<\/strong><br \/>\n2.5 L<\/p>\n","protected":false},"excerpt":{"rendered":"<p>Nippon Paint Bah\u00e7e Mobilyas\u0131 Bak\u0131m Ya\u011f\u0131, \u00f6zel olarak se\u00e7ilen do\u011fal ya\u011flar\u0131n kar\u0131\u015f\u0131m\u0131 ile \u00fcretilen, \u00f6zellikle teak gibi sert ah\u015faplar\u0131n bak\u0131m\u0131 i\u00e7in \u00f6zel olarak geli\u015ftirilmi\u015f, di\u011fer ah\u015fap t\u00fcrlerine de uygulanabilen \u00fcst\u00fcn nitelikli bak\u0131m ya\u011f\u0131d\u0131r.<\/p>\n","protected":false},"featured_media":788,"comment_status":"open","ping_status":"closed","template":"","meta":[],"product_cat":[77,135],"product_tag":[],"class_list":{"0":"post-787","1":"product","2":"type-product","3":"status-publish","4":"has-post-thumbnail","6":"product_cat-nippon-paint-boya","7":"product_cat-woodcare-ahsap-koruma-sistemi-urun-grubu","9":"first","10":"instock","11":"shipping-taxable","12":"purchasable","13":"product-type-variable"},"_links":{"self":[{"href":"https:\/\/modebau.com.tr\/index.php?rest_route=\/wp\/v2\/product\/787","targetHints":{"allow":["GET"]}}],"collection":[{"href":"https:\/\/modebau.com.tr\/index.php?rest_route=\/wp\/v2\/product"}],"about":[{"href":"https:\/\/modebau.com.tr\/index.php?rest_route=\/wp\/v2\/types\/product"}],"replies":[{"embeddable":true,"href":"https:\/\/modebau.com.tr\/index.php?rest_route=%2Fwp%2Fv2%2Fcomments&post=787"}],"wp:featuredmedia":[{"embeddable":true,"href":"https:\/\/modebau.com.tr\/index.php?rest_route=\/wp\/v2\/media\/788"}],"wp:attachment":[{"href":"https:\/\/modebau.com.tr\/index.php?rest_route=%2Fwp%2Fv2%2Fmedia&parent=787"}],"wp:term":[{"taxonomy":"product_cat","embeddable":true,"href":"https:\/\/modebau.com.tr\/index.php?rest_route=%2Fwp%2Fv2%2Fproduct_cat&post=787"},{"taxonomy":"product_tag","embeddable":true,"href":"https:\/\/modebau.com.tr\/index.php?rest_route=%2Fwp%2Fv2%2Fproduct_tag&post=787"}],"curies":[{"name":"wp","href":"https:\/\/api.w.org\/{rel}","templated":true}]}}