{"id":924,"date":"2024-11-25T15:00:20","date_gmt":"2024-11-25T12:00:20","guid":{"rendered":"https:\/\/modebau.com.tr\/?post_type=product&#038;p=924"},"modified":"2025-04-18T11:46:22","modified_gmt":"2025-04-18T08:46:22","slug":"nippon-paint-minoa-premium-matt-ic-cephe-boyasi","status":"publish","type":"product","link":"https:\/\/modebau.com.tr\/?product=nippon-paint-minoa-premium-matt-ic-cephe-boyasi","title":{"rendered":"Nippon Paint Minoa Premium Matt \u0130\u00e7 Cephe Boyas\u0131"},"content":{"rendered":"<p><strong>\u00d6ZELL\u0130KLER\u0130<\/strong><br \/>\nNippon Paint MINOA Premium Matt, hibrid ba\u011flay\u0131c\u0131 teknolojisi ile g\u00fc\u00e7lendirilerek yarat\u0131lan, y\u00fcksek dayan\u0131m g\u00fcc\u00fc ve y\u00fcksek \u00f6rt\u00fcc\u00fcl\u00fc\u011f\u00fcn\u00fcn yan\u0131 s\u0131ra kendisine \u00f6zel tam mat dokusuna sahip bir boyad\u0131r. Uyguland\u0131\u011f\u0131 y\u00fczeyle b\u00fct\u00fcnle\u015fir. Y\u00fcksek teneff\u00fcs kabiliyetine sahiptir. \u00c7atlama, kabarma ve d\u00f6k\u00fclme yapmaz. Uygulama esnas\u0131nda, yay\u0131lma g\u00fcc\u00fc sayesinde i\u015f\u00e7ilik tasarrufu sa\u011flar. Formaldehit, koruyucu (biyosit) ve u\u00e7ucu\/yar\u0131 u\u00e7ucu organik bile\u015fikleri (VOC \/ sVOC) i\u00e7ermez ; \u00e7evre ve insan sa\u011fl\u0131\u011f\u0131na duyarl\u0131d\u0131r.<br \/>\n<strong>UYGULAMA<\/strong><br \/>\nMimarl\u0131k M\u00fchendislik Hizmeti veren AKER GROUP LTD. \u015eT\u0130. firmam\u0131z b\u00fcnyesinde bulunan Uzman Ekibimizden hizmet alabilirsiniz. Talep etmeniz durumunda uygulama e\u011fitim deste\u011fi ve \u00fcr\u00fcn uygulama detay bilgilendirmesi firmam\u0131z taraf\u0131ndan verilmektedir.<br \/>\n<strong>\u0130NCELTME<\/strong><br \/>\nF\u0131r\u00e7a ve rulo uygulamalar\u0131nda temiz su ile %10 inceltilerek en az iki kat halinde uygulanmas\u0131 tavsiye edilir.<br \/>\nKURUMA S\u00dcRES\u0130 (20\u00b0C, %65 HR\u2019de):<br \/>\n<strong>\u0130lk kuruma:<\/strong> 30 dakika \u0130kinci kat kuruma: 4-6 saat Son Kuruma: 24 saat Not: \u0130kinci kat uygulamaya 4 saatten \u00f6nce kesinlikle ba\u015flanmamal\u0131d\u0131r. Maksimum \u00f6rt\u00fcc\u00fcl\u00fck; bekleme s\u00fcresine dikkat edildi\u011fi ve astar uygulamas\u0131 yap\u0131ld\u0131\u011f\u0131 durumlarda elde edilir. Y\u00fczeyler tam kuruma s\u00fcresince dondan korunmal\u0131d\u0131r.<br \/>\n<strong>SARF\u0130YAT<\/strong><br \/>\nY\u00fczey d\u00fczg\u00fcnl\u00fc\u011f\u00fcne ve emicili\u011fine ba\u011fl\u0131 olarak 1 litre ile tek katta ortalama 13-18 m\u00b2 yer boyanabilir. Kesin sarfiyat i\u00e7in kontroll\u00fc numune \u00e7al\u0131\u015f\u0131lmas\u0131 yap\u0131lmal\u0131d\u0131r.<br \/>\n<strong>AMBALAJ<\/strong><br \/>\n13.5 L, 2.5 L<\/p>\n","protected":false},"excerpt":{"rendered":"<p>Nippon Paint MINOA Premium Matt; \u00e7evre ve insan sa\u011fl\u0131\u011f\u0131na duyarl\u0131, formaldehit, koruyucu (biyosit) ve u\u00e7ucu\/yar\u0131 u\u00e7ucu organik bile\u015fikleri (VOC \/ sVOC) i\u00e7ermeyen, GreenGuard Gold sertifikal\u0131 \u00f6zel olarak geli\u015ftirilmi\u015f akrilik hibrid ba\u011flay\u0131c\u0131 ihtiva eden mat dekoratif i\u00e7 cephe boyas\u0131d\u0131r<\/p>\n","protected":false},"featured_media":925,"comment_status":"open","ping_status":"closed","template":"","meta":[],"product_cat":[80,78,77],"product_tag":[],"class_list":{"0":"post-924","1":"product","2":"type-product","3":"status-publish","4":"has-post-thumbnail","6":"product_cat-minoa-premium-matt","7":"product_cat-minoa-saglikli-urun-serisi","8":"product_cat-nippon-paint-boya","10":"first","11":"instock","12":"shipping-taxable","13":"purchasable","14":"product-type-variable","15":"has-default-attributes"},"_links":{"self":[{"href":"https:\/\/modebau.com.tr\/index.php?rest_route=\/wp\/v2\/product\/924","targetHints":{"allow":["GET"]}}],"collection":[{"href":"https:\/\/modebau.com.tr\/index.php?rest_route=\/wp\/v2\/product"}],"about":[{"href":"https:\/\/modebau.com.tr\/index.php?rest_route=\/wp\/v2\/types\/product"}],"replies":[{"embeddable":true,"href":"https:\/\/modebau.com.tr\/index.php?rest_route=%2Fwp%2Fv2%2Fcomments&post=924"}],"wp:featuredmedia":[{"embeddable":true,"href":"https:\/\/modebau.com.tr\/index.php?rest_route=\/wp\/v2\/media\/925"}],"wp:attachment":[{"href":"https:\/\/modebau.com.tr\/index.php?rest_route=%2Fwp%2Fv2%2Fmedia&parent=924"}],"wp:term":[{"taxonomy":"product_cat","embeddable":true,"href":"https:\/\/modebau.com.tr\/index.php?rest_route=%2Fwp%2Fv2%2Fproduct_cat&post=924"},{"taxonomy":"product_tag","embeddable":true,"href":"https:\/\/modebau.com.tr\/index.php?rest_route=%2Fwp%2Fv2%2Fproduct_tag&post=924"}],"curies":[{"name":"wp","href":"https:\/\/api.w.org\/{rel}","templated":true}]}}